.
3, 11
Let x(c) = c**3 - 3*c**2 + 2*c - 2. Let y be x(3). Suppose 0 = -0*a - y*a + 96. List the prime factors of a.
2, 3
What are the prime factors of 532/35 - 1/5?
3, 5
List the prime factors of 2/((-1)/(-27*2)).
2, 3
Let z(j) = j**2 + 18*j - 5. List the prime factors of z(-19).
2, 7
Let j = -36 + 173. What are the prime factors of j?
137
List the prime factors of (-4 - -2 - 0)*-25.
2, 5
Let a = 193 + -137. List the prime factors of a.
2, 7
Let i = 2 - -34. What are the prime factors of i?
2, 3
Let b(x) = -6*x + 2. What are the prime factors of b(-4)?
2, 13
Let x(k) = -k**3 - 5*k**2 + 7*k + 6. Let t be x(-6). Suppose -2*b + 10 = t, 2*b = s - b - 61. Suppose -2*i = 2*i - s. What are the prime factors of i?
19
Suppose -4*z = 15 + 9. Let j be (0*2/z)/2. List the prime factors of 26/4*(j - -2).
13
Let f(u) = -u - 8. Let w be f(-7). Let h(l) = l**3 + l**2. Let v be h(w). Suppose q + v*q = 9. What are the prime factors of q?
3
List the prime factors of (-9 + -5)*54/(-4).
3, 7
Let p(t) = t**3 + 7*t**2 - 6*t + 4. What are the prime factors of p(-6)?
2, 19
Suppose 0 = 5*w + 45 + 165. List the prime factors of 2*(0 - w/4).
3, 7
Let m(h) = -14*h - 9. Let u(q) be the second derivative of -7*q**3/6 - 2*q**2 + 2*q. Let z(t) = 4*m(t) - 9*u(t). What are the prime factors of z(1)?
7
Suppose 5*c - 43 = -18. What are the prime factors of (c/(-4))/(2/(-48))?
2, 3, 5
Let k(q) = 7*q - 3. Let r(b) = -b + 4. Let l be r(2). List the prime factors of k(l).
11
List the prime factors of (272/4)/(4/2 + 0).
2, 17
Let n(h) = 2*h + 1. Let i(r) = r**2 + 5*r + 6. Suppose -3 = t + 1. Let f be i(t). List the prime factors of n(f).
5
Suppose c + 6 = 3*o + 48, 4*c - 4*o - 128 = 0. What are the prime factors of c?
3
Suppose 6*f - 19 = 215. What are the prime factors of f?
3, 13
Let f(m) = m - 3. Let j be f(3). Suppose c + o + 15 = j, 4*c - 6*c - 2 = -5*o. Let n = -8 - c. What are the prime factors of n?
3
Let u(g) = 7*g - 2. Let b be (-2)/8 - 5/(-20). Suppose -5*s + 10 = -b. List the prime factors of u(s).
2, 3
Let z(m) = 0 + 3*m + 0 + 6*m**2 - 5*m. What are the prime factors of z(2)?
2, 5
Suppose c + 5*a = 3*a - 152, c = -4*a - 148. List the prime factors of (-3 - 0)*c/18.
2, 13
Suppose 5*y + 92 = 4*o, -5*y - 74 = -0*o + 2*o. List the prime factors of ((-21)/(-14))/((-6)/y).
2
Let y(d) = d**3 - 3*d**2 + 3*d. Let s be 0 - (1 + 1 + -4). Suppose -2*h + 8 = s. What are the prime factors of y(h)?
3
Suppose 57 + 33 = 5*o. What are the prime factors of 1/(-2)*o/(-1)?
3
Let h(a) = -6*a - 1. Suppose 2*p + 9 = -p. What are the prime factors of h(p)?
17
Let t(r) = -r**3 + 19*r**2 - 23*r - 26. What are the prime factors of t(17)?
7, 23
Let z be 5/((-5)/(-27)) - -2. Suppose 4*d - 47 = z. List the prime factors of d.
19
Suppose -j - 35 = -6*j. Let w = j - 5. Suppose -w*z = u - 5, 2*z - 2*u - u = 1. What are the prime factors of z?
2
Let d(y) = 5*y**3 + y**2 + y + 1. What are the prime factors of d(2)?
47
Let j = 21 - -12. Suppose 3*y = 5*b - j, 2*y + 2*y - 43 = -3*b. What are the prime factors of b?
3
What are the prime factors of (1/2)/1*18?
3
Suppose 5*p - 89 = x + 56, 0 = 4*x - 20. What are the prime factors of p?
2, 3, 5
Let k(d) = 28*d - 5. What are the prime factors of k(4)?
107
Suppose -2*w + 268 = w - g, w = 2*g + 96. Suppose 3*i + 0*i - j = w, 2*j = -8. List the prime factors of i.
2, 7
Let c = 34 - 242. Let k be (-4)/10 + c/(-20). List the prime factors of 33*(2 + k/(-6)).
11
Suppose y + 20 - 4 = v, -v - 2*y + 31 = 0. Suppose 3*t - r - v - 26 = 0, 3*r = -t + 29. List the prime factors of t.
17
Suppose -11 = -3*o + t, -3*o + 4*t = o - 28. Suppose 4*c + o*s = 56, -2*s + 32 = -2*c + 4*c. List the prime factors of c.
2, 3
Let h(p) = -p**2 + 5*p. Let j be h(4). Suppose -j + 9 = f. Suppose a = -3 + f. What are the prime factors of a?
2
Suppose 0*o = -2*o + 14. Suppose -5*s + 23 = -o. Suppose s = c + c. What are the prime factors of c?
3
Let q = 19 - -22. What are the prime factors of q?
41
Let k(o) = -7*o + 5*o + 3*o**2 - o. What are the prime factors of k(3)?
2, 3
Let a = 27 - -5. List the prime factors of a.
2
Suppose 2*q + 0*q - 5*l = -9, 0 = 3*q + 4*l + 2. Let h be (2 - (1 + 3))/q. List the prime factors of (5 - 0)*h/1.
5
Suppose 5*s = a + 46, 0 = -s - 0*s + 2*a + 2. What are the prime factors of s?
2, 5
List the prime factors of (-6)/9*(-5 + -91).
2
Let b = 4 + -6. What are the prime factors of -1 + (-22)/(4/b)?
2, 5
Let y = 3 - 5. Let l be 11/(-4) + y/8. List the prime factors of (4/(-6))/(l/9).
2
Let n(x) = 9*x + 7. Let p(b) = -8*b - 7. Let t(l) = 6*n(l) + 7*p(l). What are the prime factors of t(-13)?
19
Let j(u) be the first derivative of u**2/2 + 5*u + 1. Let v be j(0). Let r(p) = -p**2 + 5*p + 3. What are the prime factors of r(v)?
3
Let z = 3 - 4. Let q = z - -4. Suppose -4*h + 25 = 3*f, -2*f - 21 = -q*h - 5*f. List the prime factors of h.
2
Let x = 39 - 21. Suppose -t = -14 - x. Let w = t - 20. What are the prime factors of w?
2, 3
Let n be -154*((-20)/8)/5. Suppose -d - 167 = -w - 4*w, -2*w - 3*d + n = 0. List the prime factors of w.
2, 17
Suppose 4*r + 0*j - j - 4 = 0, -4 = -4*r + 3*j. List the prime factors of (-13)/2*(-3 + r).
13
What are the prime factors of 5/(-4 + -1) + 88?
3, 29
Let s(o) = 2*o - 8. Let p be s(9). Suppose 23 + p = 3*i. List the prime factors of i.
11
Let f(i) be the third derivative of -i**6/120 + i**5/10 - 5*i**4/24 - 2*i**2. Suppose 0 = 6*n - n - 20. List the prime factors of f(n).
2, 3
Suppose 12 = -3*n - 0*n, 7 = -5*g - 3*n. Suppose -38 = -3*u + g. Let d = u + -5. List the prime factors of d.
2
Suppose k - 18 = 4*k - 3*g, 4*k + 29 = 5*g. Let p be -6*(5/(-2) - k). Let s = p + -4. What are the prime factors of s?
5
Let y(c) = c + 4. Let f be y(0). List the prime factors of (-16)/6*(-6)/f.
2
Let d(k) = 2*k**2 + 13*k + 16. What are the prime factors of d(-10)?
2, 43
Let d be 4 - (-4)/8*0. Suppose d*w + 24 = 7*w. What are the prime factors of w?
2
Let l = 2 + 10. Suppose -l = -3*q + 27. What are the prime factors of q?
13
Suppose -5*i + 3 = 4*h, 0 = -0*h - 2*h - 3*i + 1. Suppose -m + l = -1, -4 = -2*m + m - h*l. List the prime factors of m.
2
Let f = 952 - 604. List the prime factors of f.
2, 3, 29
Let a(j) = j - 3. Let x(s) = -s**2 + 6*s - 1. Let q be x(5). Let k(t) = t - 3. Let n(g) = q*k(g) - 5*a(g). What are the prime factors of n(-9)?
2, 3
Suppose -5*h = 3*b - 921, 0 = -5*h - b + 4*b + 909. What are the prime factors of h?
3, 61
Suppose -r + 4*r = 147. List the prime factors of r.
7
Let j(u) = 13*u - 15. List the prime factors of j(7).
2, 19
Let z(y) = -y**2 - 4 + 0*y**2 + 2 + 3 + y. Let s be z(0). List the prime factors of 6 + -1*(s - 1).
2, 3
List the prime factors of -5 - (-182 + -4 + 3).
2, 89
Let a = 19 + 15. List the prime factors of a.
2, 17
Let y = -18 + 11. Let z(i) = i**3 + 8*i**2 + 2*i - 5. What are the prime factors of z(y)?
2, 3, 5
Let v(w) be the second derivative of -w**5/20 + w**4/3 - w**3/2 + w**2 + 2*w. Let g be v(3). List the prime factors of g/(-8) + (-26)/(-8).
3
Let o(l) = l - 3. Let x(w) = -2. Let z(t) = 6*o(t) - 7*x(t). List the prime factors of z(3).
2, 7
Suppose z + z - 10 = 0. Suppose -5*u + 20 = 0, z*b + 0*b = u + 16. Suppose -b*i - 45 = -4*h - 3*i, -9 = -2*h + 5*i. List the prime factors of h.
2, 3
Suppose -2*x = -96 - 164. What are the prime factors of x?
2, 5, 13
Let r(b) = b**2 + b - 17. List the prime factors of r(-11).
3, 31
Let m be (-2)/8 + 42/8. Suppose 0*c + 2*c = 12. Let o = c + m. List the prime factors of o.
11
Let h = 12 + -10. Suppose 0*y + h*y = 34. List the prime factors of y.
17
Suppose -4*w = -11*w + 840. What are the prime factors of w?
2, 3, 5
Let d(s) = 3*s - 8. Suppose 0 = -5*a - 3*t + 2*t - 4, -16 = 4*t. Let u(p) = -p**3 + p**2 + p + 6. Let r be u(a). What are the prime factors of d(r)?
2, 5
Suppose 2 = -v - 3*p - 1, -5*v = 2*p - 50. List the prime factors of v.
2, 3
Let a(c) = -c**2 + 15*c - 9. Let j(s) = -s**2 + 14*s - 10. Let y(w) = 3*a(w) - 4*j(w). Let p be y(10). List the prime factors of 4 - (-2)/(-3)*p.
2
Suppose -2*f = -4*f + 4. Suppose f*o + a + 19 = 3*o, -2*a + 81 = 5*o. List the prime factors of o.
17
Suppose p + 15 + 6 = 0. Let g = 47 + p. Suppose 5*b - g = 4. List the prime factors of b.
2, 3
Let z(w) = w**2 + 2*w + 1. Let i be z(-1). Suppose i = -3*q + 8*q - 60. What are the prim